-- https://www.phpmyadmin.net/
--
-- Versão do servidor: 10.1.29-MariaDB

START TRANSACTION;



-- --------------------------------------------------------

--
-- Estrutura da tabela `aluno`
--

CREATE TABLE `aluno` (
  `id_aluno` int(11) NOT NULL,
  `nome` text NOT NULL,
  `num_inscricao` int(11) NOT NULL,
  `data` date NOT NULL
) ENGINE=InnoDB DEFAULT CHARSET=utf8mb4;

-- --------------------------------------------------------

--
-- Estrutura da tabela `cursos`
--

CREATE TABLE `cursos` (
  `id_curso` int(11) NOT NULL,
  `nome` text NOT NULL,
  `id_dpt` int(11) NOT NULL,
  `id_admin` int(11) NOT NULL,
  `data` date NOT NULL
) ENGINE=InnoDB DEFAULT CHARSET=utf8mb4;

--
-- Extraindo dados da tabela `cursos`
--

INSERT INTO `cursos` (`id_curso`, `nome`, `id_dpt`, `id_admin`, `data`) VALUES
(6, 'Engenhária Informática', 1, 1, '2021-07-24'),
(7, 'Arquitetura e Urbanismo', 1, 1, '2021-07-24'),
(8, 'Engenharia de Telecomunicações', 1, 1, '2021-07-24'),
(9, 'Engeharia Mecânica', 1, 1, '2021-07-24'),
(10, 'Engenharia Cívil', 1, 1, '2021-07-24'),
(11, 'Engenharia de Petróleo(Refinção, Pesquisa e Produção', 1, 1, '2021-07-24'),
(12, 'Enfermagem', 3, 1, '2021-07-24'),
(13, 'Ãnalises Clínicas', 3, 1, '2021-07-24'),
(14, 'Fisoterapia', 3, 1, '2021-07-24'),
(15, 'Ciências Farmacêuticas', 3, 1, '2021-07-24'),
(16, 'Medicina Dentária', 3, 1, '2021-07-24'),
(17, 'Direito', 2, 1, '2021-07-24'),
(18, 'Relações Internacionais', 2, 1, '2021-07-24'),
(19, 'Contabilidade', 2, 1, '2021-07-24'),
(20, 'Gestão de Recursos Humanos', 2, 1, '2021-07-24'),
(21, 'Gestão e Administração de Empresas', 2, 1, '2021-07-24'),
(22, 'Economia', 2, 1, '2021-07-24'),
(23, 'Psicologia (Escolar, Trabalho, Clínica, Criminal)', 2, 1, '2021-07-24');

-- --------------------------------------------------------

--
-- Estrutura da tabela `departamento`
--

CREATE TABLE `departamento` (
  `id_dpt` int(11) NOT NULL,
  `nome` text NOT NULL,
  `data` date NOT NULL
) ENGINE=InnoDB DEFAULT CHARSET=latin1;

--
-- Extraindo dados da tabela `departamento`
--

INSERT INTO `departamento` (`id_dpt`, `nome`, `data`) VALUES
(1, 'DEPARTAMENTO DE ENGENHARIA E TECNOLOGIAS', '2021-07-24'),
(2, 'DEPARTAMENTO DE CIÊNCIAS SOCIAS E HUMANAS', '2021-07-24'),
(3, 'DEPARTAMENTO DE CIÊNCIAS DA SAÚDE', '2021-07-24');

-- --------------------------------------------------------

--
-- Estrutura da tabela `disciplina`
--

CREATE TABLE `disciplina` (
  `id_disciplina` int(11) NOT NULL,
  `nome` text NOT NULL,
  `id_curso` int(11) NOT NULL,
  `data` date NOT NULL
) ENGINE=InnoDB DEFAULT CHARSET=utf8mb4;

-- --------------------------------------------------------

--
-- Estrutura da tabela `eventos`
--

CREATE TABLE `eventos` (
  `id_evento` int(11) NOT NULL,
  `Assunto` text NOT NULL,
  `imagem` text NOT NULL,
  `id_admin` int(11) NOT NULL,
  `data` date NOT NULL
) ENGINE=InnoDB DEFAULT CHARSET=utf8mb4;

-- --------------------------------------------------------

--
-- Estrutura da tabela `noticias`
--

CREATE TABLE `noticias` (
  `id_noticias` int(11) NOT NULL,
  `Assunto` text NOT NULL,
  `titulo` text NOT NULL,
  `imagem` text NOT NULL,
  `id_admin` int(11) NOT NULL,
  `data` date NOT NULL
) ENGINE=InnoDB DEFAULT CHARSET=utf8mb4;

--
-- Extraindo dados da tabela `noticias`
--

INSERT INTO `noticias` (`id_noticias`, `Assunto`, `titulo`, `imagem`, `id_admin`, `data`) VALUES
(5, 'ISPEKA 2021/2022', 'INSCRIÇÕES ABERTAS 2021/2022', 'ju.jpg', 1, '2021-07-24'),
(9, 'Saudações!\r\nOs exames especiais serão realizados entre 23 e 27 de Agosto.b', 'EXAMES ESPECIAS 2020/2021', 'ispeka.jpg', 1, '2021-07-25');

-- --------------------------------------------------------

--
-- Estrutura da tabela `professores`
--

CREATE TABLE `professores` (
  `id_prof` int(11) NOT NULL,
  `nome` text NOT NULL,
  `email` varchar(200) NOT NULL,
  `data` date NOT NULL
) ENGINE=InnoDB DEFAULT CHARSET=utf8mb4;

-- --------------------------------------------------------

--
-- Estrutura da tabela `views`
--

CREATE TABLE `views` (
  `view_id` int(11) NOT NULL,
  `page` int(11) NOT NULL,
  `post` int(11) NOT NULL,
  `view_time` varchar(45) CHARACTER SET utf8mb4 NOT NULL
) ENGINE=InnoDB DEFAULT CHARSET=latin1;

--
-- Indexes for table `aluno`
--
ALTER TABLE `aluno`
  ADD PRIMARY KEY (`id_aluno`);

--
-- Indexes for table `cursos`
--
ALTER TABLE `cursos`
  ADD PRIMARY KEY (`id_curso`);

--
-- Indexes for table `departamento`
--
ALTER TABLE `departamento`
  ADD PRIMARY KEY (`id_dpt`);

--
-- Indexes for table `disciplina`
--
ALTER TABLE `disciplina`
  ADD PRIMARY KEY (`id_disciplina`);

--
-- Indexes for table `eventos`
--
ALTER TABLE `eventos`
  ADD PRIMARY KEY (`id_evento`);

--
-- Indexes for table `noticias`
--
ALTER TABLE `noticias`
  ADD PRIMARY KEY (`id_noticias`);

--
-- Indexes for table `professores`
--
ALTER TABLE `professores`
  ADD PRIMARY KEY (`id_prof`);

--
-- Indexes for table `views`
--
ALTER TABLE `views`
  ADD PRIMARY KEY (`view_id`);

--
-- AUTO_INCREMENT for table `aluno`
--
ALTER TABLE `aluno`
  MODIFY `id_aluno` int(11) NOT NULL AUTO_INCREMENT;

--
-- AUTO_INCREMENT for table `cursos`
--
ALTER TABLE `cursos`
  MODIFY `id_curso` int(11) NOT NULL AUTO_INCREMENT, AUTO_INCREMENT=24;

--
-- AUTO_INCREMENT for table `departamento`
--
ALTER TABLE `departamento`
  MODIFY `id_dpt` int(11) NOT NULL AUTO_INCREMENT, AUTO_INCREMENT=4;

--
-- AUTO_INCREMENT for table `disciplina`
--
ALTER TABLE `disciplina`
  MODIFY `id_disciplina` int(11) NOT NULL AUTO_INCREMENT;

--
-- AUTO_INCREMENT for table `eventos`
--
ALTER TABLE `eventos`
  MODIFY `id_evento` int(11) NOT NULL AUTO_INCREMENT;

--
-- AUTO_INCREMENT for table `noticias`
--
ALTER TABLE `noticias`
  MODIFY `id_noticias` int(11) NOT NULL AUTO_INCREMENT, AUTO_INCREMENT=10;

--
-- AUTO_INCREMENT for table `professores`
--
ALTER TABLE `professores`
  MODIFY `id_prof` int(11) NOT NULL AUTO_INCREMENT;

--
-- AUTO_INCREMENT for table `views`
--
ALTER TABLE `views`
  MODIFY `view_id` int(11) NOT NULL AUTO_INCREMENT;
COMMIT;

